actors of x.
34693
Suppose 0 = 11*g + 10*g + 2940. What are the prime factors of ((-66)/(-5))/((-4)/g)?
2, 3, 7, 11
Let s be (1 + 52)/(-4 + 3). Let o = -30 - s. Suppose 86 = 3*y + o. What are the prime factors of y?
3, 7
Let n = -163105 - -247283. List the prime factors of n.
2, 42089
Let u = -88 - -90. Suppose 5*c = 4*f - 71 - 57, 71 = -u*c - 5*f. List the prime factors of (-72)/c + -3 - 198/(-21).
3
Suppose 3*p - 15 = 0, -p = -3*a - 2*p + 71. Let c(i) = -i**2 + 39*i - 106. Let y be c(36). Let m = a + y. List the prime factors of m.
2, 3
Let h(t) be the first derivative of -7*t**3 + 16 + 10*t**2 - 1/4*t**4 + 21*t. What are the prime factors of h(-22)?
5, 13
Let s = 53 - 51. Let l(i) = -2*i**2 + 5*i. Let a be l(s). Suppose -a*j + 2*g + 364 = 72, 0 = -j - g + 148. What are the prime factors of j?
3, 7
Let h(d) = 3101*d**3 - 4*d**2 + 5*d - 2. List the prime factors of h(1).
2, 5, 31
Suppose 0 = 5*t - 3*h - 107539, 12 = -51*h + 47*h. List the prime factors of t.
2, 10753
Let s be 8/(-10)*120/(-48). Let d(m) = 7*m**2 - 1. Let c be d(1). Suppose -s - c = -4*r. List the prime factors of r.
2
Suppose -3*l + d = -4010, -3*d - 2*d = 3*l - 3980. Suppose 4*o = -5*s + l, 4*o + 458 = 2*s - 76. List the prime factors of s.
3, 89
Suppose -4*b = b - 5*m - 125, 10 = 2*m. Let y be (-4)/(-18) + 5*170/225. Suppose 142 + b = y*g. What are the prime factors of g?
43
List the prime factors of (9 - 132/(-84))/((-2)/(-259)).
37
Suppose 0 = -4*l - 2*p - 0*p + 12, 3*l + 3*p - 15 = 0. What are the prime factors of ((l + -215)*2/4)/(-1)?
107
What are the prime factors of (7 - 15) + -11 - -4376?
4357
Suppose 167 = -6*y - 37. Let t = y - -28. What are the prime factors of 77 + 5/(15/t)?
3, 5
Let m(l) = 25*l**2 + 4*l - 40. Let d be m(-12). Suppose -12*w - d = -20*w. What are the prime factors of w?
439
Suppose 9109 - 3248 = 15*n - 34759. What are the prime factors of n?
2, 677
Suppose -2 = m - 8. Suppose -13*f - 395 = -8*f - 3*y, 2*y = 0. Let i = m - f. List the prime factors of i.
5, 17
Let d(a) = a**3 - 2*a**2 - 11*a + 17. Let z be d(4). Suppose -z*y + 2605 = -100. List the prime factors of y.
541
Suppose 4*q = -4*r + 26188, 12*q - 13*q - 2*r = -6543. What are the prime factors of q?
6551
Suppose -12979 = -10*j + 102411. What are the prime factors of j?
11, 1049
Let h = 7 + 21. Let t = -6 + 13. Suppose 441 = t*l + h. List the prime factors of l.
59
Suppose -7*z - 386 = -435. Let g(w) = 4*w**2 + 6*w + 26. What are the prime factors of g(z)?
2, 3, 11
Let k be 14/35*-1 - 124/(-10). List the prime factors of 504/(-9 + k) - -8.
2, 11
Let n = 1495 + -2667. Let k = -742 - n. What are the prime factors of k?
2, 5, 43
Suppose -9*u = -2*c - 7*u + 55370, 5*u + 83059 = 3*c. List the prime factors of c.
19, 31, 47
Let c be -8*3/6 + 8. Let m be 6/c*(-1 - 14/(-6)). Suppose 5*t - 2*s = 554, 6 = -2*s + m. What are the prime factors of t?
2, 5, 11
Suppose 0 = -z + 6*z - t - 15, -4*t = -20. Let d be 3/12*-6*z. List the prime factors of (d/8)/((-1)/96).
2, 3
Suppose -40*h + 1780 = -2580. Suppose 0 = -f + 6*f - 1775. Suppose -4*d + f + h = -i, 5*d - 2*i - 580 = 0. List the prime factors of d.
2, 29
Let k = -2113 + 3739. What are the prime factors of k?
2, 3, 271
Let c = 66 - 64. Suppose 3*t - 1952 = 4*d, 2*t + 1960 = 5*t - c*d. Suppose 0 = j + 7*j - t. What are the prime factors of j?
2, 41
Suppose 3330 = 10*d + 5*d. Let a = -162 + d. What are the prime factors of a?
2, 3, 5
Suppose 0 = 44*r - 48*r - 16. Let f(p) = -36*p + 7. What are the prime factors of f(r)?
151
Let h(a) = 2*a + 65. Let g be h(-31). Let f(k) = 42*k**2 + 22*k - 69. What are the prime factors of f(g)?
3, 5
Suppose 3857 = 86*k - 880739. What are the prime factors of k?
2, 37, 139
List the prime factors of (259 - 249 - 1*17) + 67436.
67429
Suppose 34 - 41 = -2*d - t, 0 = -d + 5*t - 2. List the prime factors of (-96)/(-28) - d - (-6354)/21.
3, 101
Let p be (3/6 + 0)/(8/(-144)). Let w be (1*268)/(-7 - p). Let m = w - -24. List the prime factors of m.
2, 79
Let n(x) = 7*x**3 - 30*x**2 + 14*x - 21. Let m be n(9). Suppose -6*v + 2*v = 5*f - m, -3*f = -5*v - 1689. What are the prime factors of f?
2, 3, 31
List the prime factors of 958098/102 + 7/(595/(-10)).
3, 31, 101
Let b(z) = -z**3 + 71*z**2 + 159*z - 67. What are the prime factors of b(72)?
6197
Let y(z) = 134*z**2 - 3*z - 15. Let v be y(-3). Let t = -472 + v. What are the prime factors of t?
2, 7, 13
Let p(o) be the first derivative of o**4/4 - 10*o**3/3 + 9*o**2/2 - 9*o + 3. Let q be p(9). Let k = q - -98. List the prime factors of k.
89
Suppose u = r + 15, -2*r = 2*u + 2*r - 54. Let p(b) = u + 15 - 22*b - 3. What are the prime factors of p(-9)?
229
Let s(r) = 4*r - 37. Let u be s(10). Suppose 8 = 4*i - u*f + 5, -5*f + 3 = -4*i. Let x(y) = 2*y**2 - 8*y + 19. List the prime factors of x(i).
13
Suppose 20387 + 17663 - 9682 = z. List the prime factors of z.
2, 3, 197
Suppose 2*w + 9 + 1 = 4*i, -2*w = 3*i - 18. Suppose -2*f = 3*s - 334, -2*s - 3*f = -5*s + 339. Suppose n - w*n = -s. What are the prime factors of n?
2, 7
Suppose 0 = 90*b - 401786 - 680734. List the prime factors of b.
2, 31, 97
Let z be ((-1446)/5)/((-168)/560). Suppose -4*f - 2*l + z = -l, 5*f - 1205 = l. What are the prime factors of f?
241
Let j be -21*1/(-2 + 6)*-4. List the prime factors of -93*348/(-54)*j/14.
29, 31
Let l(k) = -24*k**3 + 2*k**2 + 7*k + 4. Suppose -3*m - 14 = 2*v, 5*m = 3*m + 5*v + 16. What are the prime factors of l(m)?
2, 5, 19
Let t be (-1225)/(-4) + (11/4 - 3). Suppose 25*x - 11856 = -t. What are the prime factors of x?
2, 3, 7, 11
Let f = -207 + 191. What are the prime factors of (-9)/(-36) - 370*30/f?
2, 347
Let b(l) = 1 + 11*l - 4*l + l**2 - 6*l. Let c be b(-4). Suppose 6*a - 1033 = -c. What are the prime factors of a?
2, 5, 17
Suppose -5*t + 39 + 3009 = 3*a, -2*t = 0. Suppose -11*m + 1613 = -a. What are the prime factors of m?
239
Let w(b) = b**2 + 3*b - 14. Let a be w(-6). Suppose 0 = -a*o + 4, 5*x + 4*o - 37 = -3. Suppose -149 = -x*i + 5*i. List the prime factors of i.
149
Suppose 4*g - 601 = -21. List the prime factors of 2306/4 - g/58.
2, 7, 41
Suppose -1132577 - 146232 = -48*k + 2645431. List the prime factors of k.
5, 83, 197
Let h = 11804 - 5558. What are the prime factors of h?
2, 3, 347
Let t = 158085 - 89910. What are the prime factors of t?
3, 5, 101
What are the prime factors of (4190 - 2/(-1)) + (-45 - -43)?
2, 5, 419
Suppose 60*k + 800212 = 960806 + 2789366. What are the prime factors of k?
2, 13, 31, 61
Let s = 80784 + -41234. What are the prime factors of s?
2, 5, 7, 113
Suppose 0 = -3*k - 2*k. Suppose 2*m - 19 + 11 = k. Suppose 0 = 8*c - m*c - 180. What are the prime factors of c?
3, 5
Let u = -10907 - -10907. Let k(j) be the second derivative of 2*j**3/3 + 283*j**2/2 - j. What are the prime factors of k(u)?
283
Suppose 6 = z - 4*c, -3*c = c. Suppose z*p - 5*p = -2*x + 129, 5*p - 5*x - 615 = 0. Let j = 226 - p. What are the prime factors of j?
101
Let z = 7 + -11. Let t(d) = d**3 + 9*d**2 - 5*d - 6. Let n be t(-4). List the prime factors of -3 + n + z + -4.
83
Let p = -3477 - -11502. What are the prime factors of p?
3, 5, 107
Suppose 0 = 4807*j - 4800*j - 68215. What are the prime factors of j?
5, 1949
Let c = -18373 + 58102. What are the prime factors of c?
3, 17, 19, 41
Suppose 0 = -5*q + b + 15693, -6802 - 5800 = -4*q - 6*b. List the prime factors of q.
2, 5, 157
Suppose 61*t - 56*t - 20495 = 0. Suppose 12034 - t = 15*c. List the prime factors of c.
23
Let t = 1333 - 196. Suppose t = 52*l - 49*l. List the prime factors of l.
379
Suppose 66*b - 1553389 - 3228007 = -92*b. What are the prime factors of b?
2, 15131
List the prime factors of 35031 + 7 + -17 + 23.
2, 8761
Let f be (-2)/(-10) + (64704/(-30))/(-1). Suppose 14*k - 3331 = f. List the prime factors of k.
2, 7
What are the prime factors of 9 + 0 - 58409/13*-2?
5, 7, 257
Let y = -8898 - -9224. Let r = 0 + 2. Suppose -5*v + y = 2*n, 2*v + 172 = -n + r*n. List the prime factors of n.
2, 3, 7
Suppose 3*l - 1020 = -3*h, 2*l + 4*h = -3*l + 1702. Suppose 0 = 7*a - l + 27. List the prime factors of 5/a*6*108.
2, 3
Let v(s) = 6*s**2 - 34*s - 1. Let k be v(6). Let t(i) = 2*i**2 + 4*i + 10. List the prime factors of t(k).
2, 37
Let v(m) be the third derivative of 0 - m**2 - 1/6*m**3 + 16/5*m**5 + 0*m + 1/12*m**4. Lis